mainder when 58864 is divided by 4526?
26
What is the remainder when 779 is divided by 245?
44
What is the remainder when 13358 is divided by 1628?
334
What is the remainder when 38723 is divided by 17?
14
What is the remainder when 89642 is divided by 75?
17
Calculate the remainder when 5715 is divided by 163.
10
Calculate the remainder when 35111 is divided by 155.
81
Calculate the remainder when 696959 is divided by 1016.
999
Calculate the remainder when 71123 is divided by 39.
26
Calculate the remainder when 23557 is divided by 11727.
103
Calculate the remainder when 117503 is divided by 29.
24
What is the remainder when 554922 is divided by 49?
46
What is the remainder when 1637 is divided by 274?
267
What is the remainder when 14439 is divided by 2492?
1979
Calculate the remainder when 1341 is divided by 117.
54
What is the remainder when 7030 is divided by 7?
2
What is the remainder when 586989 is divided by 10?
9
Calculate the remainder when 1733 is divided by 246.
11
What is the remainder when 26066 is divided by 25941?
125
What is the remainder when 3726 is divided by 414?
0
What is the remainder when 39069 is divided by 278?
149
Calculate the remainder when 20080 is divided by 87.
70
Calculate the remainder when 3679 is divided by 1018.
625
What is the remainder when 8865 is divided by 141?
123
What is the remainder when 174800 is divided by 43686?
56
What is the remainder when 60033 is divided by 7504?
1
Calculate the remainder when 12505 is divided by 330.
295
What is the remainder when 4220 is divided by 201?
200
Calculate the remainder when 438689 is divided by 25.
14
Calculate the remainder when 118156 is divided by 47.
45
What is the remainder when 21240 is divided by 299?
11
What is the remainder when 40988 is divided by 10245?
8
What is the remainder when 7534 is divided by 3670?
194
Calculate the remainder when 857 is divided by 699.
158
Calculate the remainder when 5589118 is divided by 15.
13
What is the remainder when 4611 is divided by 57?
51
Calculate the remainder when 1050 is divided by 11.
5
Calculate the remainder when 118689 is divided by 101.
14
Calculate the remainder when 448186 is divided by 34.
32
Calculate the remainder when 3075 is divided by 51.
15
What is the remainder when 108709 is divided by 217?
209
Calculate the remainder when 3796 is divided by 1894.
8
Calculate the remainder when 52131 is divided by 8.
3
What is the remainder when 14188 is divided by 11?
9
Calculate the remainder when 10532 is divided by 245.
242
Calculate the remainder when 12446 is divided by 20.
6
What is the remainder when 678666 is divided by 75407?
3
Calculate the remainder when 496853 is divided by 27.
26
Calculate the remainder when 613 is divided by 145.
33
Calculate the remainder when 1283 is divided by 1100.
183
Calculate the remainder when 186214 is divided by 53.
25
What is the remainder when 13301 is divided by 44?
13
What is the remainder when 13388 is divided by 746?
706
What is the remainder when 13924 is divided by 1013?
755
What is the remainder when 7014 is divided by 490?
154
What is the remainder when 346895 is divided by 9?
8
Calculate the remainder when 3273 is divided by 423.
312
Calculate the remainder when 286 is divided by 182.
104
What is the remainder when 3561 is divided by 22?
19
What is the remainder when 23450 is divided by 32?
26
What is the remainder when 1916 is divided by 118?
28
What is the remainder when 58190 is divided by 21?
20
Calculate the remainder when 65642 is divided by 416.
330
Calculate the remainder when 139602 is divided by 93.
9
Calculate the remainder when 15178 is divided by 104.
98
Calculate the remainder when 3440 is divided by 6.
2
What is the remainder when 177693 is divided by 44?
21
What is the remainder when 16179 is divided by 186?
183
What is the remainder when 21018 is divided by 701?
689
What is the remainder when 70139 is divided by 34?
31
What is the remainder when 30265 is divided by 47?
44
What is the remainder when 292823 is divided by 498?
497
What is the remainder when 3885 is divided by 1204?
273
Calculate the remainder when 4719 is divided by 4698.
21
Calculate the remainder when 1914 is divided by 952.
10
Calculate the remainder when 4371 is divided by 69.
24
Calculate the remainder when 266237 is divided by 65.
62
What is the remainder when 35158 is divided by 189?
4
Calculate the remainder when 705 is divided by 170.
25
Calculate the remainder when 8001 is divided by 7980.
21
Calculate the remainder when 2440 is divided by 307.
291
What is the remainder when 1931011 is divided by 119?
117
Calculate the remainder when 41572 is divided by 779.
285
Calculate the remainder when 6452 is divided by 1126.
822
What is the remainder when 92210 is divided by 1317?
20
What is the remainder when 239034 is divided by 10392?
18
What is the remainder when 140156 is divided by 152?
12
Calculate the remainder when 99820 is divided by 825.
820
What is the remainder when 8279 is divided by 27?
17
What is the remainder when 771 is divided by 13?
4
Calculate the remainder when 37252 is divided by 12397.
61
Calculate the remainder when 2139591 is divided by 6.
3
What is the remainder when 6973 is divided by 134?
5
Calculate the remainder when 147441 is divided by 283.
281
Calculate the remainder when 5671 is divided by 942.
19
Calculate the remainder when 40998 is divided by 49.
34
Calculate the remainder when 3639140 is divided by 266.
260
Calculate the remainder when 302 is divided by 99.
5
Calculate the remainder when 47791 is divided by 46.
43
What is the remainder when 25891 is divided by 9?
7
Calculate the remainder when 625 is divided by 169.
118
What is the remainder when 106040 is divided by 51?
11
What is the remainder when 2783 is divided by 309?
2
What is the remainder when 959757 is divided by 186?
183
What is the remainder when 278956 is divided by 17434?
12
Calculate the remainder when 129402 is divided by 15.
12
What is the remainder when 58938 is divided by 83?
8
Calculate the remainder when 25583 is divided by 8520.
23
What is the remainder when 19226 is divided by 99?
20
Calculate the remainder when 242967 is divided by 130.
127
Calculate the remainder when 36189 is divided by 26.
23
What is the remainder when 930462 is divided by 186089?
17
What is the remainder when 10677 is divided by 59?
57
What is the remainder when 8568 is divided by 331?
293
Calculate the remainder when 28429 is divided by 1136.
29
Calculate the remainder when 236171 is divided by 745.
6
What is the remainder when 1594 is divided by 581?
432
What is the remainder when 16055 is divided by 171?
152
Calculate the remainder when 34492 is divided by 621.
337
Calculate the remainder when 515 is divided by 85.
5
What is the remainder when 5010 is divided by 33?
27
What is the remainder when 20809 is divided by 1403?
1167
What is the remainder when 25483 is divided by 18?
13
What is the remainder when 816704 is divided by 984?
968
What is the remainder when 13377 is divided by 306?
219
Calculate the remainder when 7282 is divided by 95.
62
What is the remainder when 3085 is divided by 224?
173
What is the remainder when 2298 is divided by 683?
249
What is the remainder when 12013 is divided by 799?
28
Calculate the remainder when 124559 is divided by 144.
143
Calculate the remainder when 353208 is divided by 176585.
38
Calculate the remainder when 2632 is divided by 601.
228
What is the remainder when 54651 is divided by 112?
107
What is the remainder when 247194 is divided by 58?
56
What is the remainder when 1486909 is divided by 81?
73
What is the remainder when 2555 is divided by 31?
13
Calculate the remainder when 2128 is divided by 123.
37
Calculate the remainder when 283910 is divided by 51.
44
Calculate the remainder when 9457 is divided by 50.
7
What is the remainder when 308245 is divided by 50?
45
What is the remainder when 5015 is divided by 4991?
24
Calculate the remainder when 1222053 is divided by 18.
15
Calculate the remainder when 3622 is divided by 1177.
91
What is the remainder when 69750 is divided by 317?
10
What is the remainder when 355850 is divided by 142?
140
What is the remainder when 22724 is divided by 56?
44
Calculate the remainder when 4471 is divided by 1